e?
False
Is 167168257 a prime number?
False
Is 278612683 a composite number?
False
Is 2906129 a prime number?
True
Is 132930179 prime?
False
Is 1491041 prime?
True
Is 59655719 prime?
False
Is 6605647 composite?
True
Is 38349113 a composite number?
True
Is 12451423 prime?
False
Is 296579 prime?
True
Is 410658199 a prime number?
False
Is 24316421 a prime number?
True
Is 12462809 a composite number?
False
Is 6167159 composite?
True
Is 5805979 a composite number?
True
Is 76720661 a composite number?
False
Is 3034747 a composite number?
True
Is 155106397 composite?
True
Is 274067 a prime number?
False
Is 331964207 a prime number?
True
Is 74751517 a composite number?
True
Is 36588739 a composite number?
True
Is 593837 prime?
False
Is 1926521 a prime number?
True
Is 5841357 composite?
True
Is 13903087 a composite number?
True
Is 1166287 a prime number?
True
Is 179261773 prime?
False
Is 18330603 composite?
True
Is 8095111 prime?
False
Is 10725187 composite?
True
Is 16599823 a prime number?
True
Is 446608991 a composite number?
False
Is 171895431 a composite number?
True
Is 701047 a composite number?
False
Is 1698239 a composite number?
True
Is 9663281 prime?
False
Is 287887 a prime number?
True
Is 21158231 prime?
True
Is 1875217 composite?
True
Is 5060569 composite?
True
Is 10534051 composite?
True
Is 18830761 a composite number?
True
Is 3100501 composite?
False
Is 10711387 composite?
False
Is 2936023 a prime number?
True
Is 441971 a prime number?
True
Is 692751577 a composite number?
True
Is 969083 prime?
True
Is 63764377 a composite number?
False
Is 101984821 composite?
False
Is 40141711 a prime number?
False
Is 347938391 a prime number?
False
Is 24252913 a prime number?
False
Is 1841039 a composite number?
False
Is 2881699 composite?
False
Is 7665833 prime?
False
Is 1388437 prime?
False
Is 126239647 a composite number?
True
Is 2343277 prime?
False
Is 10133 composite?
False
Is 6541247 a prime number?
True
Is 2313481 prime?
False
Is 67807931 a prime number?
False
Is 13825157 a composite number?
False
Is 44735773 a prime number?
False
Is 75761579 prime?
True
Is 9067699 a composite number?
True
Is 107980897 a prime number?
False
Is 23972422 a composite number?
True
Is 6865931 prime?
True
Is 5262691 a composite number?
True
Is 3133027 a composite number?
False
Is 2243587 composite?
False
Is 30299459 composite?
False
Is 52146869 prime?
True
Is 1051021 composite?
True
Is 11377937 prime?
True
Is 7264087 a composite number?
True
Is 2807753 a composite number?
True
Is 4789403 composite?
True
Is 7512007 composite?
True
Is 3764899 a composite number?
False
Is 228354079 a composite number?
True
Is 688097 a prime number?
True
Is 2923159 prime?
False
Is 18702217 prime?
True
Is 135252371 composite?
False
Is 1061268679 a composite number?
False
Is 47002759 composite?
True
Is 16167377 a prime number?
True
Is 494466727 a composite number?
False
Is 1054517 a composite number?
False
Is 1021855 prime?
False
Is 16480487 a composite number?
False
Is 2228047 composite?
True
Is 6642793 composite?
False
Is 20279647 composite?
False
Is 719317 prime?
False
Is 645961 a prime number?
False
Is 10800847 prime?
False
Is 3042719 a prime number?
True
Is 5636021 composite?
True
Is 376542713 prime?
False
Is 6717947 a composite number?
False
Is 482844077 a composite number?
True
Is 49456103 a composite number?
False
Is 14748059 a composite number?
True
Is 16105339 a prime number?
True
Is 56958199 a prime number?
False
Is 327899483 a prime number?
False
Is 68798153 prime?
True
Is 8250329 a prime number?
True
Is 1318579 a prime number?
True
Is 9002593 prime?
False
Is 467640757 a prime number?
True
Is 56180333 a prime number?
False
Is 749129 composite?
False
Is 431256667 prime?
True
Is 73119109 composite?
True
Is 78011673 composite?
True
Is 8903 prime?
False
Is 2739089 prime?
True
Is 3382229 a composite number?
False
Is 978599 composite?
False
Is 7918411 a composite number?
False
Is 9959251 a prime number?
True
Is 40001291 composite?
True
Is 12051941 a composite number?
True
Is 376665077 prime?
False
Is 10652413 composite?
False
Is 37949101 composite?
True
Is 53995537 a composite number?
False
Is 373019 composite?
False
Is 5774039 composite?
True
Is 5585 a composite number?
True
Is 671911 a composite number?
False
Is 12081791 prime?
True
Is 7126109 a prime number?
True
Is 9547269 a composite number?
True
Is 33527929 a prime number?
True
Is 6596269 a prime number?
False
Is 473573 composite?
True
Is 98270803 a prime number?
False
Is 17147023 prime?
True
Is 1524469 a composite number?
False
Is 3722083 composite?
False
Is 5694499 prime?
True
Is 26710889 a composite number?
True
Is 342615563 a prime number?
True
Is 186456797 prime?
True
Is 21910157 a prime number?
True
Is 13351589 a composite number?
False
Is 47448614 a composite number?
True
Is 9287587 prime?
False
Is 6915967 a composite number?
False
Is 1167277 composite?
False
Is 10593421 a composite number?
False
Is 8474189 a prime number?
False
Is 1103929 composite?
True
Is 99931099 a composite number?
False
Is 3084173 composite?
False
Is 6187799 a composite number?
False
Is 33452017 composite?
False
Is 557369363 a prime number?
True
Is 12312533 composite?
True
Is 170591347 composite?
False
Is 115861751 prime?
True
Is 7661327 a prime number?
False
Is 18745823 a composite number?
True
Is 13716149 prime?
True
Is 914701 a composite number?
False
Is 159531299 prime?
True
Is 588077 a prime number?
False
Is 1345973 prime?
True
Is 436253 prime?
True
Is 2660909 a composite number?
True
Is 7689691 a prime number?
False
Is 570373 a composite number?
False
Is 12793093 a composite number?
False
Is 2645453 a composite number?
False
Is 27318497 a composite number?
False
Is 464431 prime?
False
Is 4329993 composite?
True
Is 18545101 composite?
True
Is 3730967 composite?
False
Is 48444581 composite?
True
Is 28631969 a prime number?
False
Is 3250409 prime?
False
Is 11720867 composite?
True
Is 39174999 a prime number?
False
Is 27723107 a composite number?
True
Is 81807263 composite?
False
Is 860181533 composite?
False
Is 26750077 a prime number?
False
Is 24317813 a composite number?
True
Is 9908033 a composite number?
False
Is 110161 composite?
False
Is 2645639 a prime number?
True
Is 41855779 a prime number?
False
Is 203806489 a composite number?
True
Is 37312703 prime?
True
Is 196266251 composite?
True
Is 42307973 prime?
False
Is 53115383 a prime number?
True
Is 409307 composite?
True
Is 1122209 a composite number?
True
Is 9486283 composite?
False
Is 17031449 prime?
True
Is 93499141 a composite number?
False
Is 377059 prime?
True
Is 876071783 a composite number?
False
Is 333991771 a prime number?
True
Is 11360383 a prime number?
True
Is 87640513 prime?
True
Is 238047289 a composite number?
True
Is 1045001 a prime number?
False
Is 34209377 prime?
True
Is 251159539 a prime number?
True
Is 3771067 a prime number?
True
Is 401825717 composite?
False
Is 2654263 a composite number?
False
Is 13860211 prime?
True
Is 313817141 composite?
True
Is 61949 a prime number?
True
Is 1233971 composite?
True
Is 11779891 prime?
True
Is 2631763 a composite number?
True
Is 566054347 composite?
False
Is 24607003 a prime number?
True
Is 236167783 a composite number?
True
Is 1993031 composite?
False
Is 34382393 a composite number?
False
Is 15523309 prime?
False
Is 75605 prime?
False
Is 1426409 prime?
False
Is 3972643 prime?
True
Is 1538182 composite?
True
Is 28177447 a composite number?
True
Is 1034869 composite?
True
Is 5845793 prime?
True
Is 20132549 composite?
True
Is 53812489 a composite number?
False
Is 37095574 a composite number?
True
Is 1450367 prime?
True
Is 10793605 a composite number?
True
Is 15557089 prime?
True
Is 58081181 a prime number?
True
Is 78703 a composite number?
True
Is 29168813 a prime number?
True
Is 55624903 a prime number?
False
Is 529467 a prime number?
False
Is 23631659 a prime number?
True
Is 125661257 prime?
True
Is 5947351 a prime number?
True
Is 26659707 a prime number?
False
Is 37578317 a composite number?
True
Is 5590699 composite?
False
Is 2698079 a composite number?
False
Is 76633049 a composite number?
True
Is 83729 prime?
False
Is 526367 prime?
True
Is 1345207 composite?
False
Is 4054409 prime?
False
Is 27494057 a prime number?
False
Is 1